base 15, what is 343 - 2292?
-1e4e
In base 16, what is 1 - -2013b2?
2013b3
In base 9, what is 55 + 1804603?
1804658
In base 16, what is -650f97 + 39?
-650f5e
In base 10, what is -10663 + -585?
-11248
In base 13, what is 6068b3a - b?
6068b2c
In base 14, what is 3061007 - 2?
3061005
In base 13, what is 1300c6 + 31?
130127
In base 2, what is 1111010010 - 100011111110000010?
-100011101110110000
In base 12, what is -725 - -8079?
7554
In base 8, what is -1314657 - 23?
-1314702
In base 4, what is -133222333030 - -1?
-133222333023
In base 3, what is -101212101 - 100220?
-102020021
In base 9, what is -63 - 74083?
-74156
In base 15, what is 11c2eb + -10?
11c2db
In base 5, what is 4120 - -31023123?
31032243
In base 16, what is 7fc - 35f89?
-3578d
In base 6, what is -5 - -1311323353?
1311323344
In base 3, what is 21 - -20010111010011?
20010111010102
In base 9, what is 74 + -155077?
-155003
In base 15, what is -8 - 782986?
-78298e
In base 15, what is -4 + de96d?
de969
In base 5, what is 2243 + -13014023?
-13011230
In base 8, what is -4 - -416541737?
416541733
In base 10, what is -164 + -1537304?
-1537468
In base 4, what is 32 + -1001033330?
-1001033232
In base 5, what is 11 + 10420301241?
10420301302
In base 13, what is -27 + 3c276?
3c24c
In base 2, what is 100100111010010110 + 1011011100110?
100110010101111100
In base 9, what is -7451125 - 4?
-7451130
In base 2, what is 1100111010010001111000 + -100110?
1100111010010001010010
In base 14, what is -1aa68b + 48b?
-1aa200
In base 3, what is -1021200102022212120 - -10?
-1021200102022212110
In base 12, what is 35048958b - 4?
350489587
In base 11, what is 5660071 + 36?
56600a7
In base 9, what is -2 + 25872354?
25872352
In base 3, what is -200200110222020 - -10?
-200200110222010
In base 3, what is -12101211 - -120010101?
100201120
In base 10, what is 85703 + -5319?
80384
In base 10, what is -163956 - 3?
-163959
In base 15, what is -5 - -1d7a604?
1d7a5ee
In base 13, what is -14701 + 91?
-14640
In base 13, what is 11836 + 255?
11a8b
In base 6, what is -231021000 - -2?
-231020554
In base 15, what is -900 - -d42?
442
In base 6, what is 20532 + 424144?
445120
In base 6, what is 1234 - 441011?
-435333
In base 16, what is -a250 - 137?
-a387
In base 9, what is -303722 + -441?
-304263
In base 7, what is -3034 + 2112155?
2106121
In base 4, what is 10 + -3321330123322?
-3321330123312
In base 7, what is -1524 + -352305?
-354132
In base 15, what is 5 + -303c00?
-303bea
In base 12, what is -83a9a18 - 1?
-83a9a19
In base 15, what is -4606 + -347?
-494d
In base 16, what is -4 - af25a?
-af25e
In base 12, what is -320a + -530?
-373a
In base 7, what is 5351364 - 1243?
5350121
In base 12, what is 0 - -2439356?
2439356
In base 8, what is 1374 + 30052?
31446
In base 10, what is -2 + -4508537?
-4508539
In base 6, what is -22 - -124445114?
124445052
In base 8, what is 306647 - -61?
306730
In base 7, what is -15505116 - 30?
-15505146
In base 4, what is 21 - 11103033202?
-11103033121
In base 15, what is 6 + -6da2?
-6d9b
In base 11, what is 24230820 + -4?
24230817
In base 14, what is 6809 + 565?
6d70
In base 6, what is 302 + -1411513?
-1411211
In base 4, what is -2032 + -110311120223?
-110311122321
In base 13, what is -1272 - 174b?
-29c0
In base 8, what is 1160461 - 6?
1160453
In base 8, what is -2120 - 4171?
-6311
In base 8, what is 76 - -13521733?
13522031
In base 7, what is 34031506 + 321?
34032130
In base 5, what is 11 + 101103422?
101103433
In base 6, what is 1502100 + 513?
1503013
In base 11, what is -314 + 166a31?
166718
In base 5, what is -432223134113 + -2?
-432223134120
In base 2, what is 10000001011111111010 + 10001?
10000001100000001011
In base 15, what is 1 + -1369b0?
-1369ae
In base 3, what is 0 + 211022212000022?
211022212000022
In base 10, what is 160924 + 2965?
163889
In base 5, what is -3 - 1104334000?
-1104334003
In base 12, what is 6188875 - 27?
618884a
In base 8, what is 124 + 1664026?
1664152
In base 4, what is -12210210 + 312?
-12203232
In base 11, what is 422 - 353a?
-3118
In base 11, what is 21126 + 4111?
25237
In base 2, what is -1000000111001110 + -110?
-1000000111010100
In base 9, what is -4 + 238668111?
238668106
In base 5, what is -110 - 40400323?
-40400433
In base 16, what is -1 - -8d406?
8d405
In base 11, what is 21 + 68959?
6897a
In base 6, what is -43344004 + 145?
-43343415
In base 7, what is -210242 + -114?
-210356
In base 16, what is e + -c5c912?
-c5c904
In base 10, what is 35050693 + 2?
35050695
In base 13, what is -555195 - 2?
-555197
In base 6, what is 4 + 1231314?
1231322
In base 14, what is -1038209 + 3?
-1038206
In base 12, what is 6b1b85 - 11?
6b1b74
In base 7, what is -545221 - -255?
-544633
In base 13, what is 6 - 4ba44c?
-4ba446
In base 15, what is -b9301 - 8d?
-b938e
In base 10, what is -28 - 1854412?
-1854440
In base 2, what is 1111011001001010010010 + 1001?
1111011001001010011011
In base 10, what is -3712 + -1215?
-4927
In base 12, what is -1a7a + 17312?
15454
In base 13, what is 21 + -3c8014?
-3c7cc3
In base 9, what is 1700 - 201673?
-188873
In base 5, what is -24 - 11441033111?
-11441033140
In base 13, what is 482a0c49 - 2?
482a0c47
In base 7, what is -535440 + -2264?
-541034
In base 7, what is -1511616503 + 3?
-1511616500
In base 5, what is -132 - 1213041433?
-1213042120
In base 13, what is b936 + 8828?
17461
In base 8, what is 7062345 + -11?
7062334
In base 10, what is -380 + -499518?
-499898
In base 13, what is -3 + -52a8aaa?
-52a8ab0
In base 12, what is 48335 + -5316?
4301b
In base 16, what is -713f + -b0a?
-7c49
In base 12, what is -15 + -89796b2?
-8979707
In base 7, what is -24 + 16613121?
16613064
In base 16, what is d8 + 5077d?
50855
In base 10, what is 217725 - -286?
218011
In base 5, what is -4 - -2031244100?
2031244041
In base 10, what is -8796839 + 2?
-8796837
In base 8, what is -24 + 1461157?
1461133
In base 5, what is 203310 + -442?
202313
In base 5, what is 3102322130 - -10?
3102322140
In base 14, what is 13476 - 64b?
12c29
In base 7, what is -10113 + 3002?
-4111
In base 8, what is -17234454 - -17?
-17234435
In base 3, what is 10101 - -220221002221012?
220221010001120
In base 15, what is 5 - 254776?
-254771
In base 16, what is b - 1e9c8?
-1e9bd
In base 14, what is -6791b26 + -1?
-6791b27
In base 13, what is -3 + a6771c?
a67719
In base 16, what is -3bbf0 - -3ff?
-3b7f1
In base 4, what is -11 - -12211022012011?
12211022012000
In base 7, what is 155122346 + 0?
155122346
In base 11, what is 4197a2 - 105?
419698
In base 6, what is -4 + 445110000?
445105552
In base 13, what is ab5 + 1b?
b03
In base 12, what is -26a69 - 31?
-26a9a
In base 8, what is -12607 - -206?
-12401
In base 14, what is 115 - -4ab?
5c2
In base 6, what is 124133023 + 2?
124133025
In base 14, what is 2255504 + 4?
2255508
In base 4, what is 21122 + -110323011?
-110301223
In base 5, what is 20344 - 121400?
-101001
In base 4, what is 300200222113131 + 0?
300200222113131
In base 3, what is 11200121000121222 + -1?
11200121000121221
In base 9, what is -4 - -411127047?
411127043
In base 14, what is -c4 + 1643a0?
1642ba
In base 11, what is -3 - -26735955?
26735952
In base 5, what is -2 + -4303444443?
-4304000000
In base 2, what is -11 - -11110011100011010?
11110011100010111
In base 10, what is -478557797 - 4?
-478557801
In base 10, what is 20413509 - -23?
20413532
In base 15, what is -27b86ab + 3?
-27b86a8
In base 11, what is 404797 + -15?
404782
In base 9, what is 1353458754 + 0?
1353458754
In base 11, what is -3 - -2220338?
2220335
In base 14, what is -c - 168459b?
-16845a9
In base 9, what is 1227 - -20465?
21703
In base 2, what is -11100010 - 1010011110001?
-1010111010011
In base 15, what is 1c0c + 252?
1e5e
In base 2, what is -1010011001010010 + -111000010?
-1010100000010100
In base 9, what is 12388 + -237?
12151
In base 2, what is -111110100101 - -11011010100?
-100011010001
In base 14, what is -51831 - -906?
-50d29
In base 11, what is -1a03268 + 0?
-1a03268
In base 12, what is 160 - -1b4632?
1b4792
In base 14, what is 8 - 524a081?
-524a077
In base 5, what is 103423332 + 10?
103423342
In base 8, what is -405 + 2672323?
2671716
In base 8, what is -2 + 340270271?
340270267
In base 12, what is -3 - -1410424?
1410421
In base 10, what is -814 - 3433?
-4247
In base 16, what is -101 + -847b9?
-848ba
In base 9, what is 